6
-18326
What is 51204 (base 8) in base 10?
21124
Convert 52a4a (base 11) to base 6.
1353031
-97294 (base 13) to base 7
-2214406
What is 644342 (base 9) in base 3?
201111101102
-1c4d5b (base 14) to base 13
-295a87
What is -11bc68 (base 13) in base 15?
-863e0
What is 88b644 (base 12) in base 15?
2ced2d
Convert -125436 (base 10) to base 11.
-86273
60b720 (base 12) to base 3
2211212111020
Convert -6538812 (base 10) to base 8.
-30743074
Convert 1101111001100011011001 (base 2) to base 11.
2069552
12624663 (base 7) to base 11
7271a9
What is -2065137 (base 8) in base 7?
-4454633
-330265 (base 9) to base 13
-6b8ca
Convert 111230211 (base 6) to base 14.
3aa34b
What is 504c7 (base 13) in base 5?
14044034
7567111 (base 8) to base 3
10210222122002
-1122331100 (base 4) to base 12
-15b728
What is -1d41cb (base 15) in base 13?
-3b16bc
103202432 (base 5) to base 11
283743
176178b (base 12) to base 3
100010122220022
12021202 (base 4) to base 5
1301221
What is -23300230 (base 5) in base 10?
-212565
-33012003213 (base 4) to base 8
-17060347
-e23977 (base 16) to base 15
-147cc9c
Convert 675b4c (base 14) to base 4.
31121113320
What is -213233212 (base 4) in base 7?
-1245415
-796940 (base 11) to base 9
-2342631
What is -4b81a5 (base 13) in base 9?
-3368676
-5504406 (base 8) to base 7
-15360513
Convert 756a2 (base 12) to base 15.
30cd8
-1023130101302 (base 4) to base 11
-10188521
Convert -a932 (base 15) to base 5.
-2121242
Convert -705584 (base 10) to base 2.
-10101100010000110000
What is 66551 (base 13) in base 4?
231101303
76501 (base 11) to base 9
178331
14043 (base 5) to base 3
1120112
What is -11021221022 (base 3) in base 9?
-137838
1001100011101010011010 (base 2) to base 7
30203200
What is 1211202001021 (base 3) in base 6?
32552441
24202423 (base 5) to base 3
102110010210
-421421315 (base 6) to base 14
-d97c07
Convert -351280 (base 10) to base 3.
-122211212101
What is 133330222 (base 4) in base 2?
11111111100101010
What is 404221320 (base 5) in base 14?
307022
Convert 216301 (base 8) to base 15.
168ec
What is -7c0279 (base 13) in base 12?
-b9a811
What is -5a699 (base 11) in base 13?
-309b2
Convert 102022010110001 (base 3) to base 13.
1323859
Convert -1ba263 (base 12) to base 7.
-4126620
-80a91 (base 14) to base 16
-4b8a7
Convert -48978 (base 15) to base 14.
-605b8
-1125020 (base 9) to base 4
-2110100223
-29439c (base 13) to base 12
-407b43
401243312 (base 6) to base 4
121320320330
Convert -11111111001100001 (base 2) to base 10.
-130657
Convert -1300233303 (base 4) to base 5.
-104234221
What is 215553233 (base 6) in base 4?
32330223111
114525041 (base 6) to base 16
2165d1
What is 10010000111010010 (base 2) in base 10?
74194
Convert -1001001001000000011110 (base 2) to base 5.
-1103134230
532225 (base 8) to base 13
62917
What is -12000102101 (base 3) in base 6?
-2041014
What is 1021442 (base 6) in base 16?
c1e2
-1130564 (base 11) to base 3
-10201110020000
Convert 2111201112 (base 3) to base 4.
30003122
Convert -240540 (base 6) to base 5.
-1132230
Convert 1001010000001111011111 (base 2) to base 7.
26422241
What is -80c2c (base 15) in base 7?
-3315516
What is 445c3 (base 13) in base 15?
26b41
What is -101201011002 (base 3) in base 10?
-210791
572a9 (base 14) to base 2
110011101101110101
Convert -242b56 (base 16) to base 9.
-4412506
-a17b41 (base 15) to base 16
-750b08
101101101001111 (base 2) to base 10
23375
What is c58a89 (base 13) in base 9?
8617257
What is -6422502 (base 7) in base 14?
-163ba9
What is -38a3064 (base 12) in base 14?
-16a7708
Convert -3575442 (base 9) to base 8.
-7314056
29228 (base 14) to base 8
307104
606818 (base 10) to base 5
123404233
Convert 22102221121 (base 3) to base 15.
34384
What is 4030534 (base 7) in base 2?
1110100101101110101
Convert 4d777 (base 15) to base 16.
3c8fe
-204775 (base 11) to base 9
-550368
222324610 (base 7) to base 16
cd84d2
Convert 23223112220 (base 4) to base 5.
1240424120
Convert -81463aa (base 11) to base 6.
-1232353152
-3204322134 (base 5) to base 8
-31471274
-63160 (base 12) to base 3
-20121002000
449240 (base 11) to base 7
6035434
Convert 1011000001011110001011 (base 2) to base 5.
1214431421
Convert 40496 (base 10) to base 3.
2001112212
21340103 (base 6) to base 8
2330307
What is 968471 (base 10) in base 6?
32431355
What is 4d09 (base 14) in base 3?
200120020
-5363053 (base 8) to base 13
-3b3325
Convert 1002022202212 (base 3) to base 14.
1104ca
Convert -13dab43 (base 15) to base 13.
-2c8b819
-430464 (base 8) to base 7
-1135600
Convert 37572643 (base 8) to base 16.
7ef5a3
-1001010001010000011 (base 2) to base 14
-7c9a3
Convert 1fb2e (base 16) to base 2.
11111101100101110
Convert 101134122 (base 7) to base 2.
10110100010010110111001
1201100 (base 3) to base 5
20001
What is -742582 (base 9) in base 4?
-1223302310
What is -1442404 (base 8) in base 11?
-260781
What is 101110100100001111011 (base 2) in base 10?
1525883
-1000111000101110100110 (base 2) to base 8
-10705646
Convert 28b7b0 (base 13) to base 3.
1212122000220
What is 8a03c (base 13) in base 8?
751215
Convert 101110010121001 (base 3) to base 12.
1a3980a
Convert 3178183 (base 11) to base 13.
1208c64
-10021743 (base 8) to base 9
-3860316
What is 26b587 (base 12) in base 7?
5312314
What is 627575 (base 9) in base 16?
5b100
What is 2102010120001 (base 3) in base 4?
10320333010
-2201153 (base 6) to base 7
-633135
What is -34927 (base 14) in base 3?
-20111121121
-140324204 (base 6) to base 8
-12617754
Convert -12045505 (base 6) to base 14.
-9c533
-101010111011010001 (base 2) to base 4
-222323101
What is -7001151 (base 9) in base 11?
-2111666
-20220311202 (base 4) to base 7
-25150542
What is eb38d5 (base 15) in base 5?
10331402000
267256 (base 11) to base 12
182980
-10dd97 (base 15) to base 11
-500886
What is 132502 (base 6) in base 4?
2333312
-121200110200 (base 3) to base 6
-11012200
Convert 1cd83e (base 15) to base 16.
158e01
Convert -9402 (base 10) to base 6.
-111310
What is 55880 (base 12) in base 10?
113568
1988786 (base 10) to base 9
3661082
What is 69b838 (base 12) in base 2?
110011110111111101100
-101011110110011 (base 2) to base 11
-15960
What is -1002131 (base 5) in base 4?
-3320230
What is 100305140 (base 6) in base 8?
6400224
What is 21202322 (base 4) in base 5?
2222343
Convert -5323aa (base 12) to base 5.
-313413021
-321d7 (base 14) to base 12
-5a115
Convert -3335335 (base 6) to base 8.
-510713
Convert 101011010001111 (base 2) to base 11.
15715
-20121102222 (base 3) to base 10
-130085
What is 1800485 (base 11) in base 7?
35004606
Convert -4686e (base 15) to base 6.
-4452022
What is 31be07 (base 15) in base 10?
2369032
565105 (base 11) to base 15
12b972
What is -110101110111011011111111 (base 2) in base 13?
-2c0535c
Convert -71416 (base 10) to base 16.
-116f8
What is 2442111 (base 6) in base 12?
63337
Convert -10615a (base 14) to base 11.
-34971a
4074355 (base 8) to base 7
12114220
Convert 201112100 (base 4) to base 5.
13332332
What is 1d381 (base 16) in base 10?
119681
Convert 331208 (base 9) to base 10.
197729
71133610 (base 8) to base 11
8508669
What is 10a726 (base 13) in base 3?
202001010022
What is 11083249 (base 10) in base 14?
1687129
Convert 440616 (base 8) to base 10.
147854
-21d4d (base 14) to base 8
-240421
Convert 1153552 (base 6) to base 10.
61772
What is 303502 (base 8) in base 12?
49b6a
Convert -124244122 (base 6) to base 2.
-1001010101100110010010
What is 50150e (base 15) in base 8?
16400455
-60365 (base 10) to base 7
-340664
-3634dd (base 14) to base 4
-13010123323
What is 3100008 (base 11) in base 9?
11265267
Convert -43903 (base 12) to base 5.
-10330202
What is -1618337 (base 11) in base 10?
-2763559
777463 (base 8) to base 15
52929
Convert 23342112 (base 5) to base 2.
110100100011110010
What is 498856 (base 11) in base 14?
16708a
What is 4344020 (base 5) in base 9?
123645
Convert 99ecca (base 15) to base 16.
70006c
Convert 11100101110101011111100 (base 2) to base 9.
15147846
What is -306267 (base 10) in base 5?
-34300032
-4158b (base 12) to base 3
-11100021122
Convert 7825117 (base 9) to base 15.
58232d
-122121002021101 (base 3) to base 4
-203222332222
-1333200030 (base 4) to base 12
-212290
What is 502a760 (base 11) in base 10?
8901310
Convert -21213422 (base 5) to base 9.
-302772
6156432 (base 7) to base 16
b3ed7
What is -1